{"version":"1.0","provider_name":"ITJ | International Transport Journal","provider_url":"https:\/\/transportjournal.com\/es\/","author_name":"Andreas Haug","author_url":"https:\/\/transportjournal.com\/es\/author\/andreas\/","title":"Exportaciones de flores desde Ecuador comienzan - ITJ | International Transport Journal","type":"rich","width":600,"height":338,"html":"<blockquote class=\"wp-embedded-content\" data-secret=\"3TU3yIwkAj\"><a href=\"https:\/\/transportjournal.com\/es\/2026\/01\/23\/exportaciones-de-flores-desde-ecuador-comienzan\/\">Exportaciones de flores desde Ecuador comienzan<\/a><\/blockquote><iframe sandbox=\"allow-scripts\" security=\"restricted\" src=\"https:\/\/transportjournal.com\/es\/2026\/01\/23\/exportaciones-de-flores-desde-ecuador-comienzan\/embed\/#?secret=3TU3yIwkAj\" width=\"600\" height=\"338\" title=\"\u00abExportaciones de flores desde Ecuador comienzan\u00bb \u2014 ITJ | International Transport Journal\" data-secret=\"3TU3yIwkAj\" frameborder=\"0\" marginwidth=\"0\" marginheight=\"0\" scrolling=\"no\" class=\"wp-embedded-content\"><\/iframe><script type=\"text\/javascript\">\n\/* <![CDATA[ *\/\n\/*! This file is auto-generated *\/\n!function(d,l){\"use strict\";l.querySelector&&d.addEventListener&&\"undefined\"!=typeof URL&&(d.wp=d.wp||{},d.wp.receiveEmbedMessage||(d.wp.receiveEmbedMessage=function(e){var t=e.data;if((t||t.secret||t.message||t.value)&&!\/[^a-zA-Z0-9]\/.test(t.secret)){for(var s,r,n,a=l.querySelectorAll('iframe[data-secret=\"'+t.secret+'\"]'),o=l.querySelectorAll('blockquote[data-secret=\"'+t.secret+'\"]'),c=new RegExp(\"^https?:$\",\"i\"),i=0;i<o.length;i++)o[i].style.display=\"none\";for(i=0;i<a.length;i++)s=a[i],e.source===s.contentWindow&&(s.removeAttribute(\"style\"),\"height\"===t.message?(1e3<(r=parseInt(t.value,10))?r=1e3:~~r<200&&(r=200),s.height=r):\"link\"===t.message&&(r=new URL(s.getAttribute(\"src\")),n=new URL(t.value),c.test(n.protocol))&&n.host===r.host&&l.activeElement===s&&(d.top.location.href=t.value))}},d.addEventListener(\"message\",d.wp.receiveEmbedMessage,!1),l.addEventListener(\"DOMContentLoaded\",function(){for(var e,t,s=l.querySelectorAll(\"iframe.wp-embedded-content\"),r=0;r<s.length;r++)(t=(e=s[r]).getAttribute(\"data-secret\"))||(t=Math.random().toString(36).substring(2,12),e.src+=\"#?secret=\"+t,e.setAttribute(\"data-secret\",t)),e.contentWindow.postMessage({message:\"ready\",secret:t},\"*\")},!1)))}(window,document);\n\/\/# sourceURL=https:\/\/transportjournal.com\/wp-includes\/js\/wp-embed.min.js\n\/* ]]> *\/\n<\/script>\n","thumbnail_url":"https:\/\/transportjournal.com\/wp-content\/uploads\/sites\/2\/2026\/01\/Quiport-DSC02956-1-scaled-1-aspect-ratio-1400-788.jpg","thumbnail_width":2541,"thumbnail_height":1430,"description":"El 20 de enero de 2026 comenz\u00f3 en el aeropuerto Mariscal Sucre de Quito la temporada de exportaci\u00f3n de flores para el D\u00eda de San Valent\u00edn, que se extender\u00e1 hasta el 10 de febrero."}

El 20 de enero de 2026 comenzó en el aeropuerto Mariscal Sucre de Quito la temporada de exportación de flores para el Día de San Valentín, que se extenderá hasta el 10 de febrero.
